ppose 2*l - 14 = 4. Let w be (-3)/(l/16)*v. What is the greatest common factor of 32 and w?
16
Let g = 3 + 4. Let u = -8 - -15. Let q be u*4*(-33)/(-12). What is the greatest common divisor of g and q?
7
Let z be 0 + ((-2)/(-1) - 2). Suppose 5*v + 2*m + 70 = z, v + 5*m + 0*m = -37. Let a = 18 + v. What is the highest common factor of a and 36?
6
Let i be 2*(-3 + 49 + -3). Calculate the highest common divisor of 215 and i.
43
Let l be ((-36)/(-16))/(1/16). Calculate the greatest common divisor of 12 and l.
12
Suppose -j + 3*j = -5*u - 545, 5*j - 5*u + 1415 = 0. Let f be j/(-30)*6/4. What is the highest common factor of 14 and f?
14
Let c(m) = -6*m**3 - 2*m**2 - 2*m - 1. Let k be c(-1). Suppose k*b = 2*b + 54. Calculate the greatest common factor of 27 and b.
9
Let p be 12 - -11 - (0 - 5). Let h be (4/5)/(4/20). What is the greatest common divisor of p and h?
4
Let b(h) = -7*h + 13. Let u be b(-5). Calculate the greatest common divisor of 32 and u.
16
Suppose n - 3*n = -10. Suppose n*w + 4*y = 54, -5*w - 3*y = -49 - 4. What is the greatest common divisor of w and 90?
10
Let c(x) = -53*x. Let j be c(-2). Let i = 217 - j. Suppose 12 = p + 4*q - 8, 3*p = 5*q + i. Calculate the highest common divisor of p and 8.
8
Suppose 0 = 4*q - 5*r - 92, 2*r = 4*q + 4*r - 120. Suppose h + q = 5*h. Suppose -256 = -h*k + 3*k. What is the greatest common factor of k and 8?
8
Let o(m) = 3*m**2 - 7*m + 15. Let q be o(-10). What is the highest common divisor of q and 35?
35
Suppose 0*g - 26 = -3*z - g, 3*z - 3*g - 18 = 0. Calculate the highest common divisor of z and 8.
8
Let l(p) = -p + 5. Let s(o) = o + 1. Let d(q) = l(q) - 2*s(q). Let z be d(-4). Suppose -3*a + a = -150. What is the greatest common factor of z and a?
15
Let u = -5 + 13. Calculate the highest common factor of u and 24.
8
Let x be 156/(-9)*((-1)/(-2) + -2). Calculate the greatest common factor of x and 104.
26
Let s = 669 + -515. Let l = 6 + 8. What is the greatest common factor of s and l?
14
Let m = 8 + 10. Suppose u - 2 = -5*s, s = 2*s. Suppose -4*v = -u*v - 54. Calculate the greatest common factor of v and m.
9
Let n = 50 - 31. What is the greatest common divisor of n and 19?
19
Let p be -2 + (8 - 4 - -2). Calculate the highest common divisor of p and 44.
4
Let z be 2*1*9/6. Suppose 4*d = -q + 30, -q - z*d = -13 - 12. Suppose -c = 5*k - 30, 4*k - 105 = -4*c - k. What is the greatest common divisor of q and c?
5
Let b = -1 + 3. Suppose b*c = -2*c + 260. Suppose c = r + 4*r. Calculate the greatest common factor of 52 and r.
13
Suppose 4*x - 19 = 1. Suppose -2*y + 5*q = -29, -x*y - 2*q + 34 = -2*y. Let t be y*(2 + 4/(-6)). Calculate the greatest common divisor of 16 and t.
16
Let i = -23 - -51. Suppose 0 = c - 35 - 7. What is the greatest common factor of i and c?
14
Let x(h) = -h**3 + 9*h**2 + 10*h - 8. Let s be x(6). Calculate the greatest common divisor of s and 20.
20
Suppose 0 = -5*i + 343 + 532. Let y(p) = 4*p**3 - 3*p**2 + 4*p - 3. Let m be y(2). What is the greatest common divisor of i and m?
25
Suppose 6 = g + 2*g + 3*w, 5*g = -2*w + 16. Suppose 4*o - 2*o - 20 = 0. Calculate the highest common factor of g and o.
2
Suppose 0 = -3*c + 4*c - 18. Let k(m) = m**2 + 2*m + 3. Let b be k(-2). Suppose 36 + 0 = b*f. Calculate the greatest common factor of f and c.
6
Let o(m) = -m + 47. Let s be o(30). What is the greatest common divisor of 272 and s?
17
Let w(z) = -4*z**3 + 3*z**2 + 3*z + 4. Let h be w(-3). What is the greatest common factor of h and 10?
10
Let r = 184 + -118. Calculate the highest common divisor of r and 22.
22
Let h = -20 + 33. Let d be 2/(-5) - (-1008)/(-5). Let l = d + 293. Calculate the greatest common divisor of h and l.
13
Suppose -g + 30 = 4*c, 36 = 4*c - 4*g + 2*g. Let z(a) = -17*a - 1. Let q be z(-1). What is the greatest common divisor of q and c?
8
Suppose -2*l + 2*t - 7*t = 1, -3*l = -t - 7. What is the highest common divisor of 5 and l?
1
Let k(l) = 11*l**2 - 2*l - 2. Let t be k(-1). What is the highest common divisor of t and 55?
11
Let k be 16/4 + (-1)/1. Suppose 0*o = k*o - 3. Suppose 0 + 1 = j. Calculate the greatest common divisor of o and j.
1
Let s(t) = t**3 - 5*t**2 - 12*t + 2. Let c = 27 + -19. Let g be s(c). What is the greatest common factor of 14 and g?
14
Suppose -4 = -o - h, 9*o + 4 = 4*o + 3*h. Let k = 18 - 23. Let n be 71/5 + o/k. What is the greatest common factor of n and 14?
14
Suppose 2*u - 5*p - 56 = -9, 5*p = 3*u - 73. Suppose u = t + 10. What is the greatest common divisor of t and 16?
16
Let f be 6/(-24) - (-2)/8. Let q(u) = -u**3 + 3 - u**3 + f*u + 3*u - 1. Let w be q(-2). What is the greatest common factor of 18 and w?
6
Suppose 7*g - 91 = 3*g + c, c = 5. Let t = 12 + -6. What is the greatest common divisor of g and t?
6
Suppose 225 - 15 = 3*m. Calculate the highest common divisor of m and 28.
14
Let b be 1*4*(-12)/(48/(-427)). Calculate the highest common factor of b and 61.
61
Suppose 0 = 5*h + t + 3, -5*t = h - 4*h + 15. Suppose -2*o - 26 = -h*o. Let r = -9 - o. Calculate the highest common factor of r and 36.
4
Let f(r) = 5*r**2 + 2*r + 3. Suppose 0 = 4*l - 2*l + 6. Let z be f(l). Calculate the greatest common divisor of 28 and z.
14
Let m be 10/(-2)*(-1 + 0). Suppose -d + 3*d + 18 = 0. Let l(r) = r + 10. Let v be l(d). What is the greatest common divisor of m and v?
1
Let b(u) = u**3 + 7*u**2 + 6*u + 6. Let z be b(-4). Calculate the greatest common factor of z and 45.
15
Let m = -14 - -47. Calculate the greatest common factor of 3 and m.
3
Let w(b) = -21*b + 3. Let a be w(-3). Suppose 0 = -5*x - 2*o + a, -3*x + 0*x - 2*o + 42 = 0. Calculate the highest common divisor of 3 and x.
3
Suppose -2*i = 3*i + 90. Let b be (-590)/(-18) - 4/i. Calculate the highest common factor of 22 and b.
11
Suppose f - 6*f + 20 = 0. Let g be (-135)/(-6) - (-2)/f. Suppose -1 - g = -i. What is the highest common divisor of i and 216?
24
Let w = -5 + 9. Suppose -w*a + 1 = -11. Suppose 0 = 5*m + t - 133, -3*m = a*t - 8*t - 91. Calculate the greatest common divisor of 3 and m.
3
Let l(f) = -f**2 + 8*f + 2. Let m be l(7). Let s = 5 - -2. Suppose 2*h - s - m = 0. Calculate the greatest common factor of 88 and h.
8
Let p = -40 + 111. Let g = 1 + -1. Suppose 4*r = -h - g*h + 281, -h = r - p. Calculate the greatest common factor of 10 and r.
10
Let p = 12 + -7. Let f(a) = a**3 - 3*a**2 - 7*a + 2. Let g be f(p). What is the highest common factor of g and 187?
17
Suppose -534 = -3*c - l + 3*l, l = c - 179. Calculate the highest common divisor of c and 16.
16
Suppose 0 = -t - 5*l + 43, -3*t + 0*t + l = -81. Calculate the greatest common divisor of t and 7.
7
Suppose 4*t = 5 + 15, -5*u + 4*t + 5 = 0. Suppose -4*m = -3*m + 15. Let x = m + 25. What is the greatest common divisor of u and x?
5
Let f = 11 - 8. Suppose 2*z + f*q = -0*z + 113, -2*z = -q - 109. Let l = -12 - -23. What is the greatest common factor of l and z?
11
Let v = -12 - -6. Let d be ((-96)/40)/(v/220). Suppose -40 = -2*m - 3*m. Calculate the greatest common factor of d and m.
8
Suppose 2*f + 4*l = 5 + 23, -2*f + 3*l + 14 = 0. Calculate the highest common divisor of 20 and f.
10
Let b(k) = -2*k - 5. Let p be b(-5). What is the greatest common factor of p and 2?
1
Let x(r) = -r**3 + 7*r**2 - 5*r + 2. Let n be x(5). Calculate the highest common divisor of 9 and n.
9
Let k = -4 + 6. Let r be (k/6)/(5/45). Suppose 4*v - 11 - 25 = 0. Calculate the greatest common factor of v and r.
3
Let n(s) = -s**2. Let t(x) = 2*x**2 + 2*x. Let o(i) = -3*n(i) + t(i). Let j be o(2). Calculate the highest common divisor of j and 16.
8
Suppose 2*p = 4*y - 133 - 87, -2*y = p - 106. What is the highest common divisor of 36 and y?
18
Let g(y) = -4*y + 14*y + 19 - 5*y - 4*y. Let m be g(17). What is the greatest common factor of 4 and m?
4
Suppose -2*x + 16 + 6 = 0. Let g be (-294)/(-9) + 7/21. What is the highest common divisor of g and x?
11
Let j = 5 - -13. What is the highest common divisor of 198 and j?
18
Suppose 4*h + h + 5*d = 185, 0 = -h + d + 35. Let m = 42 - 24. What is the greatest common factor of h and m?
18
Suppose -3*h - 85 = 131. Let m be (16/(-6) + 2)*h. What is the greatest common factor of 120 and m?
24
Let z be -3 + 2 + 4 + 7. What is the highest common factor of z and 25?
5
Let o be 10*(9/5)/3. Calculate the gre